{"id":33,"date":"2025-02-19T20:51:13","date_gmt":"2025-02-19T19:51:13","guid":{"rendered":"http:\/\/majakarteczka.pl\/?page_id=33"},"modified":"2025-02-26T20:40:50","modified_gmt":"2025-02-26T19:40:50","slug":"elementor-33","status":"publish","type":"page","link":"https:\/\/majakarteczka.pl\/index.php\/elementor-33\/","title":{"rendered":"pos\u0142uchaj"},"content":{"rendered":"\n<p><\/p>\n\n\n\n<details class=\"wp-block-details is-layout-flow wp-block-details-is-layout-flow\"><summary>W Radiu Opole \/Witek Su\u0142ek &#8211; KLIK<\/summary>\n<figure class=\"wp-block-audio\"><audio controls src=\"https:\/\/majakarteczka.pl\/wp-content\/uploads\/2025\/02\/radio_opole.mp3\"><\/audio><\/figure>\n<\/details>\n\n\n\n<figure class=\"wp-block-embed aligncenter is-type-video is-provider-youtube wp-block-embed-youtube wp-embed-aspect-16-9 wp-has-aspect-ratio\"><div class=\"wp-block-embed__wrapper\">\n<iframe title=\"05\/09\/2024 Audycja Na Ka\u017cdy Temat w Radiu Sudety 24\" width=\"640\" height=\"360\" src=\"https:\/\/www.youtube.com\/embed\/uI4dEqnciis?start=53&#038;feature=oembed\" frameborder=\"0\" allow=\"accelerometer; autoplay; clipboard-write; encrypted-media; gyroscope; picture-in-picture; web-share\" referrerpolicy=\"strict-origin-when-cross-origin\" allowfullscreen><\/iframe>\n<\/div><\/figure>\n\n\n\n<div class=\"wp-block-columns is-layout-flex wp-container-core-columns-is-layout-9d6595d7 wp-block-columns-is-layout-flex\">\n<div class=\"wp-block-column is-layout-flow wp-block-column-is-layout-flow\" style=\"flex-basis:100%\">\n<figure class=\"wp-block-embed is-type-video is-provider-youtube wp-block-embed-youtube wp-embed-aspect-16-9 wp-has-aspect-ratio\"><div class=\"wp-block-embed__wrapper\">\n<iframe title=\"Maja Karteczka - Schron\" width=\"640\" height=\"360\" src=\"https:\/\/www.youtube.com\/embed\/7wA1PN8seNY?feature=oembed\" frameborder=\"0\" allow=\"accelerometer; autoplay; clipboard-write; encrypted-media; gyroscope; picture-in-picture; web-share\" referrerpolicy=\"strict-origin-when-cross-origin\" allowfullscreen><\/iframe>\n<\/div><\/figure>\n<\/div>\n<\/div>\n\n\n\n<figure class=\"wp-block-embed is-type-video is-provider-youtube wp-block-embed-youtube wp-embed-aspect-16-9 wp-has-aspect-ratio\"><div class=\"wp-block-embed__wrapper\">\n<iframe title=\"Maja Karteczka - Zawarto\u015b\u0107 cz\u0142owieka w cz\u0142owieku\" width=\"640\" height=\"360\" src=\"https:\/\/www.youtube.com\/embed\/_i5BAjn9H9k?feature=oembed\" frameborder=\"0\" allow=\"accelerometer; autoplay; clipboard-write; encrypted-media; gyroscope; picture-in-picture; web-share\" referrerpolicy=\"strict-origin-when-cross-origin\" allowfullscreen><\/iframe>\n<\/div><\/figure>\n\n\n\n<figure class=\"wp-block-embed aligncenter is-type-rich is-provider-spotify wp-block-embed-spotify wp-embed-aspect-21-9 wp-has-aspect-ratio\"><div class=\"wp-block-embed__wrapper\">\n<iframe title=\"Spotify Embed: Maja Karteczka\" style=\"border-radius: 12px\" width=\"100%\" height=\"352\" frameborder=\"0\" allowfullscreen allow=\"autoplay; clipboard-write; encrypted-media; fullscreen; picture-in-picture\" loading=\"lazy\" src=\"https:\/\/open.spotify.com\/embed\/artist\/3b5vaNNVrXPuUhCbwbLRLh?utm_source=oembed\"><\/iframe>\n<\/div><\/figure>\n\n\n\n<p><\/p>\n\n\n\n<figure class=\"wp-block-embed aligncenter is-type-video is-provider-youtube wp-block-embed-youtube wp-embed-aspect-16-9 wp-has-aspect-ratio\"><div class=\"wp-block-embed__wrapper\">\n<iframe title=\"snusmumriken - Synku (go\u015bcinnie Maja Karteczka)\" width=\"640\" height=\"360\" src=\"https:\/\/www.youtube.com\/embed\/JFffcihi12E?feature=oembed\" frameborder=\"0\" allow=\"accelerometer; autoplay; clipboard-write; encrypted-media; gyroscope; picture-in-picture; web-share\" referrerpolicy=\"strict-origin-when-cross-origin\" allowfullscreen><\/iframe>\n<\/div><\/figure>\n","protected":false},"excerpt":{"rendered":"","protected":false},"author":1,"featured_media":0,"parent":0,"menu_order":0,"comment_status":"closed","ping_status":"closed","template":"","meta":{"footnotes":""},"class_list":["post-33","page","type-page","status-publish","hentry"],"yoast_head":"<!-- This site is optimized with the Yoast SEO plugin v27.4 - https:\/\/yoast.com\/product\/yoast-seo-wordpress\/ -->\n<title>pos\u0142uchaj - to ja, Maja Karteczka | MajaKarteczka.pl<\/title>\n<meta name=\"robots\" content=\"index, follow, max-snippet:-1, max-image-preview:large, max-video-preview:-1\" \/>\n<link rel=\"canonical\" href=\"https:\/\/majakarteczka.pl\/index.php\/elementor-33\/\" \/>\n<meta property=\"og:locale\" content=\"pl_PL\" \/>\n<meta property=\"og:type\" content=\"article\" \/>\n<meta property=\"og:title\" content=\"pos\u0142uchaj - to ja, Maja Karteczka | MajaKarteczka.pl\" \/>\n<meta property=\"og:url\" content=\"https:\/\/majakarteczka.pl\/index.php\/elementor-33\/\" \/>\n<meta property=\"og:site_name\" content=\"to ja, Maja Karteczka | MajaKarteczka.pl\" \/>\n<meta property=\"article:modified_time\" content=\"2025-02-26T19:40:50+00:00\" \/>\n<meta name=\"twitter:card\" content=\"summary_large_image\" \/>\n<meta name=\"twitter:label1\" content=\"Szacowany czas czytania\" \/>\n\t<meta name=\"twitter:data1\" content=\"1 minuta\" \/>\n<script type=\"application\/ld+json\" class=\"yoast-schema-graph\">{\"@context\":\"https:\\\/\\\/schema.org\",\"@graph\":[{\"@type\":\"WebPage\",\"@id\":\"https:\\\/\\\/majakarteczka.pl\\\/index.php\\\/elementor-33\\\/\",\"url\":\"https:\\\/\\\/majakarteczka.pl\\\/index.php\\\/elementor-33\\\/\",\"name\":\"pos\u0142uchaj - to ja, Maja Karteczka | MajaKarteczka.pl\",\"isPartOf\":{\"@id\":\"https:\\\/\\\/majakarteczka.pl\\\/#website\"},\"datePublished\":\"2025-02-19T19:51:13+00:00\",\"dateModified\":\"2025-02-26T19:40:50+00:00\",\"breadcrumb\":{\"@id\":\"https:\\\/\\\/majakarteczka.pl\\\/index.php\\\/elementor-33\\\/#breadcrumb\"},\"inLanguage\":\"pl-PL\",\"potentialAction\":[{\"@type\":\"ReadAction\",\"target\":[\"https:\\\/\\\/majakarteczka.pl\\\/index.php\\\/elementor-33\\\/\"]}]},{\"@type\":\"BreadcrumbList\",\"@id\":\"https:\\\/\\\/majakarteczka.pl\\\/index.php\\\/elementor-33\\\/#breadcrumb\",\"itemListElement\":[{\"@type\":\"ListItem\",\"position\":1,\"name\":\"Strona g\u0142\u00f3wna\",\"item\":\"https:\\\/\\\/majakarteczka.pl\\\/\"},{\"@type\":\"ListItem\",\"position\":2,\"name\":\"pos\u0142uchaj\"}]},{\"@type\":\"WebSite\",\"@id\":\"https:\\\/\\\/majakarteczka.pl\\\/#website\",\"url\":\"https:\\\/\\\/majakarteczka.pl\\\/\",\"name\":\"to ja, Maja Karteczka | MajaKarteczka.pl\",\"description\":\"wokalistka, songwriterka\",\"publisher\":{\"@id\":\"https:\\\/\\\/majakarteczka.pl\\\/#organization\"},\"potentialAction\":[{\"@type\":\"SearchAction\",\"target\":{\"@type\":\"EntryPoint\",\"urlTemplate\":\"https:\\\/\\\/majakarteczka.pl\\\/?s={search_term_string}\"},\"query-input\":{\"@type\":\"PropertyValueSpecification\",\"valueRequired\":true,\"valueName\":\"search_term_string\"}}],\"inLanguage\":\"pl-PL\"},{\"@type\":\"Organization\",\"@id\":\"https:\\\/\\\/majakarteczka.pl\\\/#organization\",\"name\":\"to ja, Maja Karteczka | MajaKarteczka.pl\",\"url\":\"https:\\\/\\\/majakarteczka.pl\\\/\",\"logo\":{\"@type\":\"ImageObject\",\"inLanguage\":\"pl-PL\",\"@id\":\"https:\\\/\\\/majakarteczka.pl\\\/#\\\/schema\\\/logo\\\/image\\\/\",\"url\":\"https:\\\/\\\/majakarteczka.pl\\\/wp-content\\\/uploads\\\/2025\\\/02\\\/cropped-cropped-majakarteczka1.jpeg\",\"contentUrl\":\"https:\\\/\\\/majakarteczka.pl\\\/wp-content\\\/uploads\\\/2025\\\/02\\\/cropped-cropped-majakarteczka1.jpeg\",\"width\":512,\"height\":512,\"caption\":\"to ja,  Maja Karteczka | MajaKarteczka.pl\"},\"image\":{\"@id\":\"https:\\\/\\\/majakarteczka.pl\\\/#\\\/schema\\\/logo\\\/image\\\/\"}}]}<\/script>\n<!-- \/ Yoast SEO plugin. -->","yoast_head_json":{"title":"pos\u0142uchaj - to ja, Maja Karteczka | MajaKarteczka.pl","robots":{"index":"index","follow":"follow","max-snippet":"max-snippet:-1","max-image-preview":"max-image-preview:large","max-video-preview":"max-video-preview:-1"},"canonical":"https:\/\/majakarteczka.pl\/index.php\/elementor-33\/","og_locale":"pl_PL","og_type":"article","og_title":"pos\u0142uchaj - to ja, Maja Karteczka | MajaKarteczka.pl","og_url":"https:\/\/majakarteczka.pl\/index.php\/elementor-33\/","og_site_name":"to ja, Maja Karteczka | MajaKarteczka.pl","article_modified_time":"2025-02-26T19:40:50+00:00","twitter_card":"summary_large_image","twitter_misc":{"Szacowany czas czytania":"1 minuta"},"schema":{"@context":"https:\/\/schema.org","@graph":[{"@type":"WebPage","@id":"https:\/\/majakarteczka.pl\/index.php\/elementor-33\/","url":"https:\/\/majakarteczka.pl\/index.php\/elementor-33\/","name":"pos\u0142uchaj - to ja, Maja Karteczka | MajaKarteczka.pl","isPartOf":{"@id":"https:\/\/majakarteczka.pl\/#website"},"datePublished":"2025-02-19T19:51:13+00:00","dateModified":"2025-02-26T19:40:50+00:00","breadcrumb":{"@id":"https:\/\/majakarteczka.pl\/index.php\/elementor-33\/#breadcrumb"},"inLanguage":"pl-PL","potentialAction":[{"@type":"ReadAction","target":["https:\/\/majakarteczka.pl\/index.php\/elementor-33\/"]}]},{"@type":"BreadcrumbList","@id":"https:\/\/majakarteczka.pl\/index.php\/elementor-33\/#breadcrumb","itemListElement":[{"@type":"ListItem","position":1,"name":"Strona g\u0142\u00f3wna","item":"https:\/\/majakarteczka.pl\/"},{"@type":"ListItem","position":2,"name":"pos\u0142uchaj"}]},{"@type":"WebSite","@id":"https:\/\/majakarteczka.pl\/#website","url":"https:\/\/majakarteczka.pl\/","name":"to ja, Maja Karteczka | MajaKarteczka.pl","description":"wokalistka, songwriterka","publisher":{"@id":"https:\/\/majakarteczka.pl\/#organization"},"potentialAction":[{"@type":"SearchAction","target":{"@type":"EntryPoint","urlTemplate":"https:\/\/majakarteczka.pl\/?s={search_term_string}"},"query-input":{"@type":"PropertyValueSpecification","valueRequired":true,"valueName":"search_term_string"}}],"inLanguage":"pl-PL"},{"@type":"Organization","@id":"https:\/\/majakarteczka.pl\/#organization","name":"to ja, Maja Karteczka | MajaKarteczka.pl","url":"https:\/\/majakarteczka.pl\/","logo":{"@type":"ImageObject","inLanguage":"pl-PL","@id":"https:\/\/majakarteczka.pl\/#\/schema\/logo\/image\/","url":"https:\/\/majakarteczka.pl\/wp-content\/uploads\/2025\/02\/cropped-cropped-majakarteczka1.jpeg","contentUrl":"https:\/\/majakarteczka.pl\/wp-content\/uploads\/2025\/02\/cropped-cropped-majakarteczka1.jpeg","width":512,"height":512,"caption":"to ja,  Maja Karteczka | MajaKarteczka.pl"},"image":{"@id":"https:\/\/majakarteczka.pl\/#\/schema\/logo\/image\/"}}]}},"_links":{"self":[{"href":"https:\/\/majakarteczka.pl\/index.php\/wp-json\/wp\/v2\/pages\/33","targetHints":{"allow":["GET"]}}],"collection":[{"href":"https:\/\/majakarteczka.pl\/index.php\/wp-json\/wp\/v2\/pages"}],"about":[{"href":"https:\/\/majakarteczka.pl\/index.php\/wp-json\/wp\/v2\/types\/page"}],"author":[{"embeddable":true,"href":"https:\/\/majakarteczka.pl\/index.php\/wp-json\/wp\/v2\/users\/1"}],"replies":[{"embeddable":true,"href":"https:\/\/majakarteczka.pl\/index.php\/wp-json\/wp\/v2\/comments?post=33"}],"version-history":[{"count":30,"href":"https:\/\/majakarteczka.pl\/index.php\/wp-json\/wp\/v2\/pages\/33\/revisions"}],"predecessor-version":[{"id":162,"href":"https:\/\/majakarteczka.pl\/index.php\/wp-json\/wp\/v2\/pages\/33\/revisions\/162"}],"wp:attachment":[{"href":"https:\/\/majakarteczka.pl\/index.php\/wp-json\/wp\/v2\/media?parent=33"}],"curies":[{"name":"wp","href":"https:\/\/api.w.org\/{rel}","templated":true}]}}